 c(y) = -6720*y - 1868172. Determine c(-278).
-12
Let o(d) = -1063747*d**2 + 12764964*d + 2. What is o(12)?
2
Let c(u) = 120672*u - 33546822. Calculate c(278).
-6
Let d(x) = -10077*x - 30254. Determine d(-3).
-23
Let d(b) = -2*b**3 - 67*b**2 + 13410*b + 454779. Calculate d(-34).
-5
Let w(y) = -1909*y - 620435. Give w(-325).
-10
Let f(u) = -1448*u**2 + 21674*u + 17. Give f(15).
-673
Let y(b) = -b**2 - 1571*b - 44478. Give y(-29).
240
Let w(y) = 73*y + 11945. What is w(-163)?
46
Let h(s) = -s**3 + 396*s**2 + 1995*s - 71. Calculate h(-5).
-21
Let d(u) = -458793*u - 4587924. What is d(-10)?
6
Let j(c) = c**2 - 116195*c + 5691100. Determine j(49).
-54
Let o(m) = 4513*m - 108431. Give o(24).
-119
Let g(j) = 5*j**2 + 1265*j + 3203. What is g(-251)?
693
Let h(b) = -b**3 + 407*b**2 - 9192*b + 39. Determine h(383).
39
Let p(r) = 2*r**2 - 133*r + 1693. What is p(46)?
-193
Let o(h) = 42157*h - 210782. What is o(5)?
3
Let l(r) = -r**3 - 12*r**2 - 7222*r - 64739. Calculate l(-9).
16
Let c(j) = 2*j**3 + 32*j**2 + 170*j + 658. Determine c(-11).
-2
Let d(l) = l**3 - 11*l**2 + 138*l - 1295. What is d(12)?
505
Let y(u) = 12*u**3 - 131*u**2 - 11*u + 26. Determine y(9).
-1936
Let d(r) = -504*r**2 + r - 657. What is d(0)?
-657
Let h(v) = -1497*v**2 - 8937*v - 54. What is h(-6)?
-324
Let p(k) = 1378*k - 22113. Calculate p(16).
-65
Let u(o) = o**3 + 111*o**2 - 447*o + 997. Calculate u(-115).
-498
Let y(q) = -137710*q + 1927905. What is y(14)?
-35
Let h(g) = -1342*g**2 + 13849*g - 15937. Give h(9).
2
Let t(q) = 2*q**2 - 271597*q - 1086412. Calculate t(-4).
8
Let q(r) = 51273*r + 102623. Give q(-2).
77
Let n(r) = r**3 - 87*r**2 + 1652*r - 48. Give n(27).
816
Let n(k) = -1169*k + 13119. Determine n(11).
260
Let a(x) = 12*x**2 - 1162*x + 3. Determine a(92).
-5333
Let q(k) = -k**2 - 159*k + 12060. Give q(-215).
20
Let d(w) = 139*w + 1003. Calculate d(7).
1976
Let l(k) = k**3 - 14*k**2 - 1791*k + 38404. What is l(33)?
-8
Let c(p) = 19*p**2 + 640*p - 3909. What is c(-39)?
30
Let t(f) = -147992*f - 31818279. Give t(-215).
1
Let y(a) = -12*a**2 + 14*a - 48. Calculate y(6).
-396
Let s(j) = 88*j**3 + 66*j**2 - 4*j - 4. Determine s(-1).
-22
Let d(m) = -64*m - 519. What is d(-15)?
441
Let b(r) = 148*r**3 + 1180*r**2 - 36*r - 136. What is b(-8)?
-104
Let j(o) = 83905*o - 1090796. What is j(13)?
-31
Let x(n) = -354*n**2 - 783*n - 806. Determine x(-1).
-377
Let j(z) = -2*z**3 + 10*z**2 - 31*z + 203. What is j(6)?
-55
Let h(g) = -g**2 + 1045*g - 70961. What is h(73)?
-5
Let u(y) = y**3 - 25*y**2 + 163*y - 83. Calculate u(13).
8
Let s(f) = 845*f - 1492. Calculate s(0).
-1492
Let w(y) = y**2 + 62*y - 19348. What is w(-173)?
-145
Let y(g) = 214*g**3 + 5127*g**2 - 215*g + 5. Determine y(-24).
-19
Let c(f) = -169365*f - 4234122. Determine c(-25).
3
Let t(c) = -1093*c + 5790. Determine t(6).
-768
Let k(b) = 83*b + 18226. Calculate k(-252).
-2690
Let m(l) = l**3 + 21*l**2 + 74. Determine m(-8).
906
Let a(n) = -18247*n + 565. Give a(0).
565
Let v(s) = 53*s**2 - 18658*s - 376. Determine v(352).
-1080
Let f(z) = -z**2 - 2508*z + 398711. Determine f(150).
11
Let h(n) = 4*n**2 + 196*n - 3236. Calculate h(-62).
-12
Let b(i) = 2*i**2 - 823*i - 30288. What is b(-34)?
6
Let i(c) = -7*c**3 - 1386*c**2 - 49*c - 9717. What is i(-198)?
-15
Let x(h) = h**3 + 127*h**2 + 1246*h - 1839. Determine x(-116).
1641
Let b(v) = -9776*v - 3978809. Give b(-407).
23
Let m(d) = -104*d + 330. Calculate m(12).
-918
Let z(w) = -5435*w - 9400. Calculate z(-2).
1470
Let c(m) = -m**2 + 145*m + 3724. Give c(165).
424
Let z(s) = -662*s + 2809. Give z(13).
-5797
Let g(c) = -1016*c + 362723. What is g(357)?
11
Let g(x) = 549*x - 3368. Calculate g(6).
-74
Let b(k) = 9*k**2 + 141*k. Determine b(-16).
48
Let s(q) = -356*q**2 + 5012*q - 29. Give s(14).
363
Let c(o) = 7*o**2 + 751*o + 15509. What is c(-28)?
-31
Let f(b) = 96561*b + 965610. What is f(-10)?
0
Let z(r) = 461*r**2 - 4920*r + 2946. What is z(10)?
-154
Let h(t) = -t**2 + 123*t - 717. Give h(9).
309
Let h(b) = 402549*b - 11271395. Calculate h(28).
-23
Let f(v) = 861*v - 44760. Determine f(52).
12
Let n(j) = -1730*j - 320046. Calculate n(-185).
4
Let h(v) = -11*v**2 + 833*v - 12233. Give h(15).
-2213
Let g(b) = 28*b**2 + 430*b + 1624. Give g(-7).
-14
Let s(u) = -u**2 + 843*u - 10821. Determine s(13).
-31
Let x(u) = u**3 + 7*u**2 - 10*u - 42. Give x(-6).
54
Let v(l) = -l**3 - 10*l**2 + 77*l - 213. Calculate v(6).
-327
Let t(g) = -18262*g - 54765. Determine t(-3).
21
Let r(p) = 10494785*p + 31484352. Calculate r(-3).
-3
Let g(w) = -w**3 - 5*w**2 - 88*w - 1706. What is g(-11)?
-12
Let z(p) = -p**3 - 51*p**2 + 1895. Give z(-50).
-605
Let u(i) = -524*i + 151636. Give u(290).
-324
Let c(a) = 2*a**2 + 341*a - 18668. Determine c(-217).
1513
Let u(z) = -27736*z - 416062. What is u(-15)?
-22
Let p(i) = i**3 + 101*i**2 + 908*i - 3067. Calculate p(-13).
1
Let p(a) = -2885241*a + 20196689. Determine p(7).
2
Let o(r) = -r**3 - 73*r**2 - 1288*r + 9. Determine o(-43).
-77
Let z(g) = -g**2 + 6607894*g - 59470964. What is z(9)?
1
Let d(m) = -145*m**2 + 2192*m + 4380. Determine d(-2).
-584
Let r(n) = 8916*n - 89161. Determine r(10).
-1
Let l(q) = 3*q**3 + 161*q**2 + 9*q - 6. Calculate l(0).
-6
Let w(s) = -s**3 + 403*s**2 + 5424*s - 6730. Calculate w(416).
-74
Let z(t) = -t**3 - 72*t**2 + 361*t + 30750. Give z(-71).
78
Let q(a) = -4*a**2 - 1219*a - 19354. What is q(-288)?
-58
Let z(b) = -8*b**3 - 28*b**2 - 9*b + 34. Determine z(0).
34
Let c(u) = 80*u - 5581. Determine c(69).
-61
Let x(r) = -r**3 + 13*r**2 - 72*r + 1351. What is x(15)?
-179
Let f(q) = -q**2 - 1596*q + 60434. Determine f(37).
13
Let b(l) = 842*l**3 + l**2 + 8*l + 7. Determine b(-1).
-842
Let n(t) = 2*t**3 + 732*t**2 + 5245*t - 172916. Determine n(-358).
-2
Let c(l) = -438*l**2 + 21929*l - 1442. Calculate c(50).
8
Let f(c) = 12932*c + 12944914. Determine f(-1001).
-18
Let c(f) = 54*f**3 - 1350*f**2 - 8*f + 131. What is c(25)?
-69
Let u(f) = f**3 - 70*f**2 - 1979*f - 7111. Calculate u(-18).
-1
Let n(f) = -22517*f - 743050. Calculate n(-33).
11
Let k(h) = 2565*h**2 + 20535*h + 107. Calculate k(-8).
-13
Let y(f) = 2*f**2 - 130*f - 2853. What is y(-24)?
1419
Let w(y) = 1797*y - 28915. What is w(15)?
-1960
Let y(t) = 6075*t - 188320. Give y(31).
5
Let u(r) = 997*r**2 + 111657*r - 787. Calculate u(-112).
-3
Let f(q) = -q**3 - 43*q**2 - 322*q - 208. Calculate f(-9).
-64
Let x(s) = -484997*s + 7274948. Determine x(15).
-7
Let x(y) = y**3 + 103*y**2 + 1369*y + 106884. Calculate x(-100).
-16
Let o(h) = -252*h - 166933. Determine o(-662).
-109
Let s(q) = -q**3 + 13*q**2 - 4705*q + 71013. Give s(15).
-12
Let j(y) = -39*y**3 - y**2 + 19*y + 149. What is j(0)?
149
Let d(t) = -11*t**3 + 521*t**2 + 3288*t - 126. Determine d(53).
-20
Let b(a) = 807*a + 9640. What is b(-12)?
-44
Let x(u) = u**2 - 2926*u + 41227. What is x(14)?
459
Let y(f) = -33*f**3 + 2121*f**2 - 6555*f - 2015. Give y(61).
-2
Let g(s) = 11718*s - 6769. Determine g(1).
4949
Let p(l) = -2*l**3 - 28*l**2 + 175*l + 2503. Determine p(-14).
53
Let q(o) = -o**2 - 132995*o + 21571430. Calculate q(162).
-4
Let g(i) = i**3 - 208*i**2 - 1296*i + 2564. What is g(214)?
-4
Let h(b) = 2974*b - 6365. Determine h(2).
-417
Let t(p) = -p**3 + 2884*p**2 + 37662*p + 9. Give t(-13).
-4
Let p(m) = -888*m - 9670. Calculate p(-11).
98
Let a(x) = -2*x**2 - 257*x - 3483. What is a(-114)?
-177
Let g(u) = -114184*u + 456732. Calculate g(4).
-4
Let b(x) = -45*x**2 - 742*x + 394. Calculate b(-17).
3
Let w(l) = -185236*l + 1296743. What is w(7)?
91
Let t(h) = 114*h**2 - 23*h + 84. Determine t(3).
1041
Let c(w) = -198*w**2 - 4194*w - 724. Calculate c(-21).
32
Let m(x) = 15149*x + 590814. What is m(-39)?
3
Let i(c) = 158*c + 2333. Calculate i(-6).
1385
Let i(k) = k**2 + 43986*k - 1716968. Give i(39).
7
Let k(c) = 5*c**3 - 186*c**2 + 391*c - 209. Calculate k(35).
1
Let p(t) = -105382*t - 6955214. Determine p(-66).
-2
Let c(l) = -l**2 - 139519*l - 279030. Calculate c(-2).
4
Let o(h) = 4*h**2 + 832*h + 7118. Calculate o(-199).
-46
Let u(b) = 7*b**2 - 14068*b - 1963040. What is u(-131)?
-5
Let s(m) = -10*m**2 + 1221*m - 16071. Determine s(15).
-6
Let m(b) = -235*b**2 - 255*b - 511. Determine m(-2).
-941
Let o(z) = 5*z**2 + 277*z - 308. What is o(-58)?
446
Let x(b) = -b**3 + 163*b**2 - 3220*b + 14. Calculate x(14